hat is the greatest common factor of n and 26?
26
Let j be 2 - (-13 + 2/((-4)/(-6))). What is the greatest common factor of 4 and j?
4
Let d(a) = -a**2 - 4*a - 1. Let x be d(-3). Let w be x + (-5)/(5/(-8)). Calculate the highest common divisor of w and 20.
10
Let q be -10 + 30/6 + 20/1. What is the greatest common divisor of 65 and q?
5
Let n = -1501 - -1621. Let j be (-2)/(-6) - 100/(-6). Let r = j + -2. What is the highest common factor of r and n?
15
Let w be (-35460)/(-26) - (-5)/(-130)*-4. Calculate the highest common divisor of 93 and w.
31
Suppose 3*r - 4*p - 348 = -3*p, 572 = 5*r + p. What is the highest common factor of r and 23?
23
Let c = 1022 + -852. What is the greatest common divisor of c and 60?
10
Suppose 0 = -i - 4, -2*t + i + 58 = -2*i. Let m be (71 - t)/((-6)/(-8)). Let l = -10 - -18. What is the highest common factor of m and l?
8
Suppose 58 = q - 5*x, 4*x + x = 2*q - 96. Calculate the greatest common divisor of 190 and q.
38
Suppose -t - 3*n + 185 + 29 = 0, 5*n + 600 = 3*t. What is the greatest common factor of t and 82?
41
Let u be ((-1692)/(-132) - 13) + 11488/22. Calculate the greatest common divisor of 58 and u.
58
Suppose -y - 4*m = -5*m - 29, 0 = y + m - 27. Let f = 18 - 11. What is the greatest common divisor of f and y?
7
Suppose 2*k = 4*f - 6, -2*f = 3*k - 0*k - 15. Suppose 4*w = m + k*w - 17, 4*m - 50 = -5*w. What is the greatest common divisor of 165 and m?
15
Let z = 53 + -37. What is the highest common factor of 16 and z?
16
Let c(y) = 19*y**3 - y**2. Let s be c(1). Let n be 130/2*(s + -17). Calculate the greatest common divisor of 26 and n.
13
Let a be (-6)/((-3)/54*1). Suppose -58 - 50 = -9*s. Calculate the highest common divisor of s and a.
12
Let z(m) = -m**3 - 5*m**2 - 5*m + 1. Let x be z(-7). Suppose x = 3*b - 2*u, -3*b + 2*b + u = -44. What is the greatest common divisor of 23 and b?
23
Let q(l) = l**2 - 4*l + 2. Let c be q(5). Let r = c - 6. Let n = 161 + -150. What is the greatest common divisor of n and r?
1
Let g be ((-98)/3)/(2/(-9)). Let d = g + -82. Suppose -4*r + d = r. What is the greatest common factor of 26 and r?
13
Let r = 11 + 2. Let b = 8 + 5. Calculate the greatest common factor of r and b.
13
Let z(l) = l**2 + 11*l + 12. Let b be (5/(-3))/(4/24) + -1. Let s be z(b). Calculate the greatest common divisor of 24 and s.
12
Suppose 63 = 3*l + 5*b, -l + 28*b + 41 = 23*b. Let c = 95 + -56. Calculate the greatest common divisor of l and c.
13
Let x(i) = -1. Let k(p) = -p + 3. Let b(y) = -k(y) + 6*x(y). Let a be b(19). Calculate the highest common factor of 40 and a.
10
Let h = -1046 - -1193. What is the greatest common divisor of h and 63?
21
Let h be (4356/(-220))/((-1)/5). Calculate the greatest common divisor of 165 and h.
33
Let q be -1 - 886/3 - (-56)/42. Let l = -109 - q. What is the highest common factor of 124 and l?
62
Let y(r) = 7*r**2 - 9*r - 10. Let d be y(-2). What is the greatest common factor of 126 and d?
18
Let s = 28 + -42. Let u = 12 - s. What is the greatest common divisor of 286 and u?
26
Suppose -3*o + 6 = x, x - 3*x = 3*o - 6. Let t be 145 + (x - 2) + -3. Calculate the highest common divisor of 14 and t.
14
Let j(n) = 2*n**2 - 36*n - 160. Let q be j(22). Suppose 2*f = -f - 357. Let t = f + 167. What is the greatest common divisor of q and t?
16
Suppose 0 = -48*z + 451 + 1469. Suppose 2*u = -m + 123, 3*m + 108 = 2*u - m. What is the highest common divisor of z and u?
20
Let d = 113 - 37. Let i be -1*(2/(-8) - (-3525)/(-188)). What is the highest common divisor of d and i?
19
Let t be 0/(0 + 1 + -3). Suppose t = -6*z + 2*z + 528. Calculate the greatest common factor of 12 and z.
12
Suppose -2*a + n = -26, 4*a = -a - n + 72. Suppose a*p - 90 = 12*p. What is the highest common factor of p and 15?
15
Let r be 0/(-2) + 2 + 30. Suppose -r = -3*v + 2*v. Let y = 15 + -7. Calculate the greatest common divisor of v and y.
8
Suppose x = 2*n + 11, 6*n - n + 3*x + 55 = 0. Let w be 1*5 + 93 + n. What is the highest common divisor of w and 10?
10
Let u(h) be the second derivative of h**5/20 + 11*h**4/12 + 3*h**3/2 - 9*h**2/2 - 12*h. Let f be u(-10). Calculate the highest common divisor of f and 7.
1
Let i = -299 - -496. Let r = i - 110. Calculate the highest common factor of r and 29.
29
Suppose -107 = -2*d - 5*x, -2*d + 3*x + 37 = -d. Let m = 76 - d. Suppose 0 = 3*u + 3*h - 2*h - 42, 3*h = -u + 6. What is the greatest common factor of m and u?
15
Let l = -250 - -445. Suppose -2*c - 3*m + 81 = -0*m, c - 4*m - 35 = 0. What is the highest common factor of l and c?
39
Suppose -5*i = -7*i - 5*r + 101, 4*r = i - 18. What is the highest common factor of 285 and i?
19
Let i(r) = r - 2. Let v be i(4). Let m be (-2 - -1)*2 - -2. Suppose m = -7*f + f + 60. Calculate the highest common factor of v and f.
2
Let p be (448 - (3 - -1))*(-44)/(-66). What is the greatest common divisor of 666 and p?
74
Let t(p) = -p**3 - 8*p**2 + 8*p - 8. Let c(r) = -r**3 - 5*r**2 + r - 4. Let k be c(-5). Let d be t(k). What is the greatest common divisor of d and 8?
1
Let f = -11 - -14. Suppose f*i + 4 = 10. Suppose 5*w - 4*r + 8*r = 54, 50 = 3*w - i*r. Calculate the highest common divisor of w and 42.
14
Let q = 146 + -72. Suppose 0 = j + 4*g - 14, 4*j - g - q = g. What is the greatest common factor of 12 and j?
6
Suppose -10*u = -4230 + 1470. Calculate the highest common factor of u and 12.
12
Let s(y) = 3*y - 13. Let o be s(7). Suppose -o*b = -6*b + 6. Let j be b*(-3 - -4 - 17). Calculate the highest common factor of 72 and j.
24
Let c(j) = j**3 + 6*j**2 + 6*j + 4. Let x be c(-5). Let f be x/((20/(-12))/5). Calculate the greatest common factor of f and 12.
3
Let s(c) = -c**3 + 2*c**2 - 2*c + 3. Let i be s(2). Let k be ((-15)/(-9))/(i/(-3)). Suppose k*z = 4*z + 5. What is the greatest common factor of 10 and z?
5
Let v = -21 - 1. Let x = v - -97. Let o = 35 - 20. What is the greatest common divisor of o and x?
15
Suppose 2*r - 5*r + 6 = 0. Suppose -2*o - r*f = -42 - 6, -3*o - 2*f = -74. Calculate the greatest common factor of o and 26.
26
Suppose 2*u + 3*u = 25. Let n be 8/(-28) - (-37)/7. Suppose 290 = 5*j + u*g, 4*j - n*g = 203 + 74. Calculate the highest common divisor of 7 and j.
7
Let r = -13 + 25. Let y = 55 - 49. What is the greatest common divisor of y and r?
6
Let w be 7*(88/11)/(14 - 0). Calculate the greatest common factor of 4 and w.
4
Suppose 39*q = 36*q + 66. Let d be (-25 + q)*(-34)/3. What is the greatest common divisor of 306 and d?
34
Let r = 117 - -4. Let t = -85 + r. Let l be (0 + -9)*(-5)/5. Calculate the highest common divisor of t and l.
9
Let o be 1712/80 + 4/(-10). Calculate the highest common divisor of o and 63.
21
Let u(h) = 6*h**3 + 2*h**2 - 3*h. Let s be u(2). Suppose -2*c - 3*c = -s. Calculate the greatest common divisor of c and 5.
5
Suppose -18 = -2*x - 12. Suppose -3*t + 30 = x*t. What is the greatest common factor of 2 and t?
1
Let n(v) = -v**2 - 7*v - 6. Let s be n(-4). Suppose s*t - 1379 = 2*t - 5*h, -15 = -5*h. Let x = -229 + t. Calculate the greatest common factor of x and 16.
16
Let v(m) = m**3 - 14*m**2 + 4*m - 18. Let o be v(11). Let x = o + 502. What is the greatest common factor of x and 15?
15
Let k be 86/(-6)*-5 + (-9)/(-27). Calculate the highest common factor of k and 8.
8
Let b = 145 - 135. Calculate the highest common factor of b and 190.
10
Let z be (-640)/(-30) - 1/3. Let n be 3 - 1 - 2 - 4/(-2). Suppose h = -n*h + z. Calculate the greatest common factor of h and 7.
7
Let h be (8/(-6))/((-6)/(-27)). Let j be (-75)/h*24/15. What is the highest common factor of 100 and j?
20
Let n = 45 + 67. Suppose 0 = -2*s + 4*r + n, -s + 5*r + 37 = -31. What is the greatest common divisor of s and 6?
6
Suppose 0*t - 2*t + 24 = 0. Let h = 15 - t. Let n(l) = 2*l**3 - 2*l**2 - 5*l + 3. Let z be n(h). What is the highest common divisor of 8 and z?
8
Suppose 0 = 5*a - 3*v - 18 + 2, -2*a = 2*v - 16. Calculate the greatest common divisor of 7 and a.
1
Suppose 2*q + 12 = 6*q. Let s(i) = 3*i**3 + i**2 + 3*i - 1. Let g be s(2). Calculate the greatest common factor of q and g.
3
Let p be (33/21 - -2) + 6/14. Suppose 43 = 3*s - p*v, 3*v + 2 = -1. Calculate the highest common divisor of 39 and s.
13
Let t(l) = -l**2 - 13*l - 39. Let m be t(-8). Calculate the highest common factor of 11 and 